 831. Is r(7) composite?
False
Is -69*((-12 - -10) + (1 - 9980/6)) prime?
False
Suppose 3633 + 3626 = 7*z. Let m = 6852 - z. Is m a composite number?
True
Let l = 807 + -478. Let h = 1030 - l. Is h a prime number?
True
Suppose -5*i = -3*b + 9, 5*i + 1 = 3*b - b. Suppose -b*s + 58928 = 8*s. Is s a prime number?
False
Suppose 126*y = 6*y - 11*y + 44087133. Is y a composite number?
True
Suppose 256 + 128 = 24*l. Suppose -31*a + 28455 = -l*a. Is a prime?
False
Let a be 3 + (3 - (1 - -3)). Let g(z) = 287*z**2 + 128*z**a + 5 - 6*z**2 + 0 - 5*z. Is g(1) a composite number?
False
Let k(p) = -p**3 - 4*p**2 + 2*p + 7. Let j be k(-3). Let i(v) = v**2 + 8*v + 6. Let s be i(j). Let x(m) = 6*m**2 - 3*m + 4. Is x(s) prime?
False
Let h(o) be the first derivative of 27*o**2/2 - 39*o - 1. Suppose 7*r - 3*r - 5*y = 54, -12 = -r + 2*y. Is h(r) a composite number?
True
Is (776518*5/(-90))/((-1)/9) prime?
True
Suppose 6*o - 53263 = -16*o + 50203. Is o prime?
True
Let z be (-3)/(24/10)*(-607643 + -1). Suppose 22*p + 23*p = z. Is p composite?
False
Let c = -18341 - -33537. Let l = c - 4929. Is l a prime number?
True
Suppose 6*x + 3 - 33 = 0. Suppose -7*i = -x*r - 2*i + 19930, -2*r + 7963 = -5*i. Is r a composite number?
False
Suppose 10 = -2*v + 34. Let a(j) = j**2 + j + 122. Let f be a(0). Suppose 3*w = -v, -2*s = -3*w - f + 42. Is s a composite number?
True
Let u = 81949 - 57290. Is u prime?
True
Let g = -2 + 6. Let h be (80/15)/8*6/g. Let b(q) = 192*q + 7. Is b(h) composite?
False
Let w(t) = -120*t + 62*t - 139*t - 34*t - 87. Is w(-6) composite?
True
Suppose 0 = 117*d + 76*d - 3651326 - 10107065. Is d prime?
True
Let w(a) = 6*a + 33 + 5*a - 2*a - 8*a. Let b be w(-24). Let l(p) = 34*p - 13. Is l(b) a composite number?
False
Suppose 2*z = -5*g + 52, 5*g + 0*g - 3*z - 47 = 0. Let m be (-6)/(-3*5/g). Suppose -m*p = -5*k - 3086, -p + 3*k + 1544 = p. Is p a composite number?
False
Let m(r) be the second derivative of 20*r**4 - r**3/2 + 3*r**2 + 2*r. Let u be 10/(-2) - (-9)/((-45)/(-40)). Is m(u) a composite number?
True
Suppose -4*f = 3*u - 5259, -u - 4*f - 491 = -2236. Is u a prime number?
False
Suppose 5*l = 4*l - 12. Let j be (-133860)/l - (2 + 0 - 5). Suppose -4*i + j = 10*i. Is i composite?
False
Let p = -23625 + 91904. Is p a prime number?
True
Suppose 2*s + 109129 = 3*s - 135048. Is s a prime number?
True
Let i(h) = 224*h + 1289. Is i(45) prime?
True
Suppose -138*r = -3*r - 9051328 - 116387. Is r a composite number?
True
Let j(c) = 146*c**2 + 38*c + 135. Let h(w) = 73*w**2 + 18*w + 68. Let p(y) = 5*h(y) - 2*j(y). Is p(13) composite?
False
Suppose 33*g = 32*g + 8. Is -4*(1 + (-19850)/g) prime?
False
Let d = 347 + 155. Is (-10 - 1)/((-2)/d) prime?
False
Let j(a) = -8*a**2 + 8*a - 8. Let y be j(5). Is 6*8/y - 151218/(-14) prime?
False
Let s(a) = 25*a + 4. Let u be s(-3). Let y = u - -70. Is 1 + 3/y - 6330/(-2) a composite number?
False
Is (-1 - (-5)/15)/(14/(-42)) + 381033 a prime number?
False
Suppose -15*o = -98 + 38. Is 1*(5 - o) + 1108 a prime number?
True
Let k(q) = -q**2 + 7*q - 8. Let t be k(4). Suppose -t*v + 8250 = 1486. Is v a prime number?
False
Let c be (-1 + 0)*-349 + 5 + -3. Let y = c + 170. Is y a prime number?
True
Let y(l) = -305*l + 18. Let w(z) = -z**2 - 18*z - 37. Suppose 34 = 5*k + 114. Let d be w(k). Is y(d) composite?
False
Suppose 0 = 11*p - 10*p - 8. Is (2*5042/p)/(1/10) prime?
False
Let w(r) = 4*r**2 + 7*r + 5. Let q(j) = 2*j**3 + j - 1. Let s be q(2). Suppose s*k = 15*k + 12. Is w(k) a composite number?
False
Let g = 413 + 1133. Suppose 8*h + g = 23426. Is h a prime number?
False
Let a be 4*(-13863)/18 - 18/(-27). Let i = 813 - a. Is i a composite number?
True
Suppose -33 = b - 36. Suppose b*u + 2*n - 1233 = 0, 0 = -u - 3*n + 96 + 308. Suppose 5*m - 2402 = u. Is m prime?
True
Let a = -9076 + 20315. Is a prime?
True
Let h = 324414 - -4873. Is h prime?
False
Suppose 267540 + 135644 = 16*s. Is s composite?
True
Let a(s) = -2*s**2 + s + 55. Let m(f) = f + 1. Let w(l) = -a(l) + 2*m(l). Let y be w(0). Let d = y + 202. Is d a prime number?
True
Is ((-471)/471)/((-1)/62803 - 0) a prime number?
False
Let r(b) = -46389*b - 62. Is r(-1) prime?
True
Let t be (-4 - (-56)/12)*15/(-10). Is 2018/((-12)/6*(t + 0)) a prime number?
True
Is 252691/(12 - 253/22) a prime number?
False
Let w be 9 - (0 + 0/1). Suppose 9*u - w = 36. Suppose -2*q + 3*v - v = -282, u*q = -2*v + 691. Is q prime?
True
Let o(i) = -153*i - 282. Let h be o(-9). Let j(v) = -v - 764. Let w be j(0). Let y = w + h. Is y a prime number?
True
Let r(f) = 174*f + 19. Let l(m) = -m**3 + 2*m**2 + 8*m - 2. Let z be l(3). Suppose z = -15*k + 58. Is r(k) a prime number?
True
Let u(g) be the second derivative of 667*g**3/3 + 14*g**2 + 27*g. Let z be u(4). Suppose 12*a + 6*a = z. Is a a prime number?
False
Let l(b) = 2647*b + 5. Let o(w) = w**3 + w**2 + 3*w + 6. Let t be o(0). Suppose 0 = -6*s + 3*s + t. Is l(s) prime?
False
Suppose -3*t - k + 5 = -0, 0 = 5*t + 3*k - 15. Suppose -14 = -2*c + 5*o - o, -c - 4*o - 5 = t. Is 12920/12 + 1/c composite?
True
Suppose s + 294*o - 289*o = 1124448, -4*o - 2248826 = -2*s. Is s prime?
True
Suppose 450*p - 3003333 - 8362317 = 0. Is p a prime number?
False
Let a = 5180 + -2475. Is a a prime number?
False
Let i(p) = 52*p**3 + 8*p**2 + 8*p - 6. Let s be i(-4). Let k = s + 169. Let u = k + 4430. Is u a composite number?
False
Let q = -4983 + 5305. Suppose 3*x = 5*y - 5308, 3*y + 2*x = -x + 3180. Let c = y - q. Is c a composite number?
False
Suppose 5*d + 5*s = -640, d + 2*s + 98 = -32. Let y = d - -128. Suppose -x - 214 = -4*f, -f + 3*x - 47 = -y*f. Is f prime?
True
Let k(l) = 2*l - 1807*l**2 + 4464*l**2 - 3 + 1 + 4. Is k(-1) prime?
True
Let d(h) be the first derivative of -2*h**3 + 6*h**2 - 2*h + 8. Let a be d(-7). Let b = a + 673. Is b prime?
True
Suppose 40*x = 46*x - 21960. Let i = x + -438. Suppose c = -i + 11363. Is c prime?
False
Let c(k) = k**3 - 4*k**2 - 9*k - 3. Let s be c(5). Let z = -20 - s. Suppose -635 = -5*f + 4*b, -5*b = z*f - 0*f - 381. Is f a prime number?
True
Let z be (-6)/21*(-4 + (0 - 3)). Suppose -5*o = 5, -2*o - 7753 = -z*x - 3*o. Is x a composite number?
False
Let a be -8 + (-1 - -16) + -8. Is 8781/(-9)*3/a a prime number?
True
Let q = 176768 - 9619. Is q composite?
False
Let i = -1205 + 9009. Suppose 2530 = -6*f + i. Is f a prime number?
False
Let l(f) = -15*f + 228. Let u be l(15). Suppose 2*d - j - 1113 = -u*d, 3*d - 2*j - 665 = 0. Is d a composite number?
False
Suppose -8*t = -7*t + 7. Let v(b) be the second derivative of -b**5/20 - b**4/3 - 7*b**3/6 - 5*b**2/2 - 4*b. Is v(t) a prime number?
True
Suppose 4*j = -2*r + 186658, 0 = 4*j - 4*r - 269548 + 82908. Is j a prime number?
True
Let j = 10945 - -22458. Is j a composite number?
False
Let k be ((-84)/(-35))/(9/(-35130)). Let a = k + 16173. Is a prime?
False
Suppose 0 = -38*m + 4*m + 50898. Is m composite?
True
Let d(n) = 36*n - 147. Let r be d(8). Is (-47)/r + 3247/3 composite?
True
Is (-8 + 549)*(547 + 16) composite?
True
Let u be (18/(-24))/(((-15)/20)/3). Is 25598/u*213/142 a prime number?
True
Let h = 3055 + -8634. Let g = 3912 - h. Is g prime?
True
Let c(o) = 61*o**2 - 92*o + 2. Let f be c(-7). Suppose -j = -1802 - f. Is j a composite number?
False
Is 133805 + (-2 - 17/(-85))*(-20)/(-6) a prime number?
False
Suppose 169*m = 243*m - 3174526. Is m a composite number?
False
Let c = -753 + 8393. Let g = -2413 + c. Is g a prime number?
True
Is (-22720)/(-1) - (14 - (-476)/(-28)) prime?
False
Suppose -39*n + 133 + 101 = 0. Suppose -y = 3*p - 4, 5*p + 16 = -2*y + 6*y. Suppose 0 = 5*z - 3*a - 1441, z - n*z - a + 1433 = p. Is z composite?
True
Let u(x) = x. Let v(c) = 1674*c + 4. Let q(m) = u(m) + v(m). Is q(3) composite?
True
Let j(v) = -376*v - 23. Suppose 2*z - z - 24 = 4*h, 0 = -z - 2*h. Let l be (0 - -12)*z/(-24). Is j(l) a prime number?
True
Let p(o) = 5143*o - 6. Let w(n) = 10283*n - 13. Let l(s) = -7*p(s) + 3*w(s). Is l(-2) a prime number?
False
Let n be (-51)/1 + -17 + 16. Let p = 6397 - n. Is p prime?
True
Let w be 64/28 - 3*(-2)/(-21). Suppose -6*c - 14494 = -w*p - 2*c, -2*c = 0. Is p composite?
False
Let d be (0 - -1)*1/(4/24). Suppose d*w - 5569 = -1165. Is w a composite number?
True
Let w be (-21 + -1)*(8 - 108). Suppose 0*o - 3*o = -h + w, 0 = 4*o - 4. Is h composite?
False
